{"id":2,"date":"2024-10-28T20:39:23","date_gmt":"2024-10-28T20:39:23","guid":{"rendered":"https:\/\/heuristic-ramanujan.65-21-91-101.plesk.page\/?page_id=2"},"modified":"2025-07-05T23:52:45","modified_gmt":"2025-07-05T21:52:45","slug":"sample-page","status":"publish","type":"page","link":"https:\/\/salongmaxim.se\/?page_id=2","title":{"rendered":"KUNSKAP-KVALITET-KONTINUITET"},"content":{"rendered":"\n<p>En v\u00e5ning upp \u00f6ver Storgatan i centrala Nyk\u00f6ping ligger v\u00e5r stora frisersalong. Luftigt mellan v\u00e5ra arbetsplatser och en egen privat garderob vid din plats, s\u00e5 du k\u00e4nner att du kommit in och kan landa, f\u00f6r din efterl\u00e4ngtade stund med din fris\u00f6r.<\/p>\n\n\n\n<blockquote class=\"wp-block-quote is-layout-flow wp-block-quote-is-layout-flow\">\n<p>Salongen har funnit i dessa lokaler sedan 1982 men allt startade redan 1972, d\u00e5 H\u00e5kan startade Maxim herr-salong i cityhuset i Nyk\u00f6ping. Idag driver dottern \u00c5sa och barnbarn Sebastian salongen vidare, H\u00e5kan \u00e4r delvis fortfarande verksam som fris\u00f6r.<\/p>\n<\/blockquote>\n\n\n\n<p>Vi arbetar f\u00f6r en familj\u00e4r och avslappnad milj\u00f6, dit hela familjen kan komma. \u200bVi utbildar och utvecklar oss fortl\u00f6pande, och erbjuder dig en sv\u00e5rslagen bred kompetens bland v\u00e5ra 7 fris\u00f6rer\/fris\u00f6rm\u00e4stare, som alla har olika kunskaper och erfarenheter. Fr\u00e5ga oss g\u00e4rna om vilken fris\u00f6r som passar ditt h\u00e5r och dina \u00f6nskem\u00e5l b\u00e4st.<\/p>\n\n\n\n<blockquote class=\"wp-block-quote is-layout-flow wp-block-quote-is-layout-flow\">\n<p>Vi brinner f\u00f6r v\u00e5rt yrke och bidrar med v\u00e5r kunskap till blivande kollegor, s\u00e5 ibland finns elev- eller traineebehandlingar till rabatterade priser. Alla fris\u00f6rer hos oss \u00e4r licensierade.\u200b<\/p>\n<\/blockquote>\n\n\n\n<p class=\"has-text-align-center\">Varmt v\u00e4lkomna!\u200b<br>Salong Maxim \u2013 Salongen i centrum<\/p>\n\n\n\n\n","protected":false},"excerpt":{"rendered":"<p>En v\u00e5ning upp \u00f6ver Storgatan i centrala Nyk\u00f6ping ligger v\u00e5r stora frisersalong. Luftigt mellan v\u00e5ra arbetsplatser och en egen privat garderob vid din plats, s\u00e5 du k\u00e4nner att du kommit in och kan landa, f\u00f6r din efterl\u00e4ngtade stund med din fris\u00f6r. Salongen har funnit i dessa lokaler sedan 1982 men allt startade redan 1972, d\u00e5 [&hellip;]<\/p>\n","protected":false},"author":1,"featured_media":0,"parent":0,"menu_order":0,"comment_status":"closed","ping_status":"closed","template":"","meta":{"saved_in_kubio":true,"footnotes":""},"class_list":["post-2","page","type-page","status-publish","hentry"],"kubio_ai_page_context":{"short_desc":"","purpose":"general"},"yoast_head":"<!-- This site is optimized with the Yoast SEO plugin v27.4 - https:\/\/yoast.com\/product\/yoast-seo-wordpress\/ -->\n<title>KUNSKAP-KVALITET-KONTINUITET - Salong Maxim<\/title>\n<meta name=\"robots\" content=\"index, follow, max-snippet:-1, max-image-preview:large, max-video-preview:-1\" \/>\n<link rel=\"canonical\" href=\"https:\/\/salongmaxim.se\/?page_id=2\" \/>\n<meta property=\"og:locale\" content=\"sv_SE\" \/>\n<meta property=\"og:type\" content=\"article\" \/>\n<meta property=\"og:title\" content=\"KUNSKAP-KVALITET-KONTINUITET - Salong Maxim\" \/>\n<meta property=\"og:description\" content=\"En v\u00e5ning upp \u00f6ver Storgatan i centrala Nyk\u00f6ping ligger v\u00e5r stora frisersalong. Luftigt mellan v\u00e5ra arbetsplatser och en egen privat garderob vid din plats, s\u00e5 du k\u00e4nner att du kommit in och kan landa, f\u00f6r din efterl\u00e4ngtade stund med din fris\u00f6r. Salongen har funnit i dessa lokaler sedan 1982 men allt startade redan 1972, d\u00e5 [&hellip;]\" \/>\n<meta property=\"og:url\" content=\"https:\/\/salongmaxim.se\/?page_id=2\" \/>\n<meta property=\"og:site_name\" content=\"Salong Maxim\" \/>\n<meta property=\"article:modified_time\" content=\"2025-07-05T21:52:45+00:00\" \/>\n<meta name=\"twitter:card\" content=\"summary_large_image\" \/>\n<script type=\"application\/ld+json\" class=\"yoast-schema-graph\">{\"@context\":\"https:\\\/\\\/schema.org\",\"@graph\":[{\"@type\":\"WebPage\",\"@id\":\"https:\\\/\\\/salongmaxim.se\\\/?page_id=2\",\"url\":\"https:\\\/\\\/salongmaxim.se\\\/?page_id=2\",\"name\":\"KUNSKAP-KVALITET-KONTINUITET - Salong Maxim\",\"isPartOf\":{\"@id\":\"https:\\\/\\\/salongmaxim.se\\\/#website\"},\"datePublished\":\"2024-10-28T20:39:23+00:00\",\"dateModified\":\"2025-07-05T21:52:45+00:00\",\"breadcrumb\":{\"@id\":\"https:\\\/\\\/salongmaxim.se\\\/?page_id=2#breadcrumb\"},\"inLanguage\":\"sv-SE\",\"potentialAction\":[{\"@type\":\"ReadAction\",\"target\":[\"https:\\\/\\\/salongmaxim.se\\\/?page_id=2\"]}]},{\"@type\":\"BreadcrumbList\",\"@id\":\"https:\\\/\\\/salongmaxim.se\\\/?page_id=2#breadcrumb\",\"itemListElement\":[{\"@type\":\"ListItem\",\"position\":1,\"name\":\"Hem\",\"item\":\"https:\\\/\\\/salongmaxim.se\\\/\"},{\"@type\":\"ListItem\",\"position\":2,\"name\":\"KUNSKAP-KVALITET-KONTINUITET\"}]},{\"@type\":\"WebSite\",\"@id\":\"https:\\\/\\\/salongmaxim.se\\\/#website\",\"url\":\"https:\\\/\\\/salongmaxim.se\\\/\",\"name\":\"Salong Maxim\",\"description\":\"\",\"publisher\":{\"@id\":\"https:\\\/\\\/salongmaxim.se\\\/#organization\"},\"potentialAction\":[{\"@type\":\"SearchAction\",\"target\":{\"@type\":\"EntryPoint\",\"urlTemplate\":\"https:\\\/\\\/salongmaxim.se\\\/?s={search_term_string}\"},\"query-input\":{\"@type\":\"PropertyValueSpecification\",\"valueRequired\":true,\"valueName\":\"search_term_string\"}}],\"inLanguage\":\"sv-SE\"},{\"@type\":\"Organization\",\"@id\":\"https:\\\/\\\/salongmaxim.se\\\/#organization\",\"name\":\"Salong Maxim\",\"url\":\"https:\\\/\\\/salongmaxim.se\\\/\",\"logo\":{\"@type\":\"ImageObject\",\"inLanguage\":\"sv-SE\",\"@id\":\"https:\\\/\\\/salongmaxim.se\\\/#\\\/schema\\\/logo\\\/image\\\/\",\"url\":\"https:\\\/\\\/salongmaxim.se\\\/wp-content\\\/uploads\\\/2024\\\/12\\\/maxim-1.png\",\"contentUrl\":\"https:\\\/\\\/salongmaxim.se\\\/wp-content\\\/uploads\\\/2024\\\/12\\\/maxim-1.png\",\"width\":720,\"height\":448,\"caption\":\"Salong Maxim\"},\"image\":{\"@id\":\"https:\\\/\\\/salongmaxim.se\\\/#\\\/schema\\\/logo\\\/image\\\/\"}}]}<\/script>\n<!-- \/ Yoast SEO plugin. -->","yoast_head_json":{"title":"KUNSKAP-KVALITET-KONTINUITET - Salong Maxim","robots":{"index":"index","follow":"follow","max-snippet":"max-snippet:-1","max-image-preview":"max-image-preview:large","max-video-preview":"max-video-preview:-1"},"canonical":"https:\/\/salongmaxim.se\/?page_id=2","og_locale":"sv_SE","og_type":"article","og_title":"KUNSKAP-KVALITET-KONTINUITET - Salong Maxim","og_description":"En v\u00e5ning upp \u00f6ver Storgatan i centrala Nyk\u00f6ping ligger v\u00e5r stora frisersalong. Luftigt mellan v\u00e5ra arbetsplatser och en egen privat garderob vid din plats, s\u00e5 du k\u00e4nner att du kommit in och kan landa, f\u00f6r din efterl\u00e4ngtade stund med din fris\u00f6r. Salongen har funnit i dessa lokaler sedan 1982 men allt startade redan 1972, d\u00e5 [&hellip;]","og_url":"https:\/\/salongmaxim.se\/?page_id=2","og_site_name":"Salong Maxim","article_modified_time":"2025-07-05T21:52:45+00:00","twitter_card":"summary_large_image","schema":{"@context":"https:\/\/schema.org","@graph":[{"@type":"WebPage","@id":"https:\/\/salongmaxim.se\/?page_id=2","url":"https:\/\/salongmaxim.se\/?page_id=2","name":"KUNSKAP-KVALITET-KONTINUITET - Salong Maxim","isPartOf":{"@id":"https:\/\/salongmaxim.se\/#website"},"datePublished":"2024-10-28T20:39:23+00:00","dateModified":"2025-07-05T21:52:45+00:00","breadcrumb":{"@id":"https:\/\/salongmaxim.se\/?page_id=2#breadcrumb"},"inLanguage":"sv-SE","potentialAction":[{"@type":"ReadAction","target":["https:\/\/salongmaxim.se\/?page_id=2"]}]},{"@type":"BreadcrumbList","@id":"https:\/\/salongmaxim.se\/?page_id=2#breadcrumb","itemListElement":[{"@type":"ListItem","position":1,"name":"Hem","item":"https:\/\/salongmaxim.se\/"},{"@type":"ListItem","position":2,"name":"KUNSKAP-KVALITET-KONTINUITET"}]},{"@type":"WebSite","@id":"https:\/\/salongmaxim.se\/#website","url":"https:\/\/salongmaxim.se\/","name":"Salong Maxim","description":"","publisher":{"@id":"https:\/\/salongmaxim.se\/#organization"},"potentialAction":[{"@type":"SearchAction","target":{"@type":"EntryPoint","urlTemplate":"https:\/\/salongmaxim.se\/?s={search_term_string}"},"query-input":{"@type":"PropertyValueSpecification","valueRequired":true,"valueName":"search_term_string"}}],"inLanguage":"sv-SE"},{"@type":"Organization","@id":"https:\/\/salongmaxim.se\/#organization","name":"Salong Maxim","url":"https:\/\/salongmaxim.se\/","logo":{"@type":"ImageObject","inLanguage":"sv-SE","@id":"https:\/\/salongmaxim.se\/#\/schema\/logo\/image\/","url":"https:\/\/salongmaxim.se\/wp-content\/uploads\/2024\/12\/maxim-1.png","contentUrl":"https:\/\/salongmaxim.se\/wp-content\/uploads\/2024\/12\/maxim-1.png","width":720,"height":448,"caption":"Salong Maxim"},"image":{"@id":"https:\/\/salongmaxim.se\/#\/schema\/logo\/image\/"}}]}},"_links":{"self":[{"href":"https:\/\/salongmaxim.se\/index.php?rest_route=\/wp\/v2\/pages\/2","targetHints":{"allow":["GET"]}}],"collection":[{"href":"https:\/\/salongmaxim.se\/index.php?rest_route=\/wp\/v2\/pages"}],"about":[{"href":"https:\/\/salongmaxim.se\/index.php?rest_route=\/wp\/v2\/types\/page"}],"author":[{"embeddable":true,"href":"https:\/\/salongmaxim.se\/index.php?rest_route=\/wp\/v2\/users\/1"}],"replies":[{"embeddable":true,"href":"https:\/\/salongmaxim.se\/index.php?rest_route=%2Fwp%2Fv2%2Fcomments&post=2"}],"version-history":[{"count":4,"href":"https:\/\/salongmaxim.se\/index.php?rest_route=\/wp\/v2\/pages\/2\/revisions"}],"predecessor-version":[{"id":332,"href":"https:\/\/salongmaxim.se\/index.php?rest_route=\/wp\/v2\/pages\/2\/revisions\/332"}],"wp:attachment":[{"href":"https:\/\/salongmaxim.se\/index.php?rest_route=%2Fwp%2Fv2%2Fmedia&parent=2"}],"curies":[{"name":"wp","href":"https:\/\/api.w.org\/{rel}","templated":true}]}}